[INFO] fetching crate pattern-3 0.5.0...
[INFO] checking pattern-3-0.5.0 against try#72f88fc4e9458f89516a0b8b0868f3718aec5b47 for pr-74989
[INFO] extracting crate pattern-3 0.5.0 into /workspace/builds/worker-4/source
[INFO] validating manifest of crates.io crate pattern-3 0.5.0 on toolchain 72f88fc4e9458f89516a0b8b0868f3718aec5b47
[INFO] running `Command { std: "/workspace/cargo-home/bin/cargo" "+72f88fc4e9458f89516a0b8b0868f3718aec5b47" "read-manifest" "--manifest-path" "Cargo.toml", kill_on_drop: false }`
[INFO] started tweaking crates.io crate pattern-3 0.5.0
[INFO] finished tweaking crates.io crate pattern-3 0.5.0
[INFO] tweaked toml for crates.io crate pattern-3 0.5.0 written to /workspace/builds/worker-4/source/Cargo.toml
[INFO] running `Command { std: "/workspace/cargo-home/bin/cargo" "+72f88fc4e9458f89516a0b8b0868f3718aec5b47" "generate-lockfile" "--manifest-path" "Cargo.toml" "-Zno-index-update", kill_on_drop: false }`
[INFO] running `Command { std: "/workspace/cargo-home/bin/cargo" "+72f88fc4e9458f89516a0b8b0868f3718aec5b47" "fetch" "--locked" "--manifest-path" "Cargo.toml", kill_on_drop: false }`
[INFO] running `Command { std: "docker" "create" "-v" "/var/lib/crater-agent-workspace/builds/worker-4/target:/opt/rustwide/target:rw,Z" "-v" "/var/lib/crater-agent-workspace/builds/worker-4/source:/opt/rustwide/workdir:ro,Z" "-v" "/var/lib/crater-agent-workspace/cargo-home:/opt/rustwide/cargo-home:ro,Z" "-v" "/var/lib/crater-agent-workspace/rustup-home:/opt/rustwide/rustup-home:ro,Z" "-e" "SOURCE_DIR=/opt/rustwide/workdir" "-e" "CARGO_TARGET_DIR=/opt/rustwide/target" "-e" "CARGO_HOME=/opt/rustwide/cargo-home" "-e" "RUSTUP_HOME=/opt/rustwide/rustup-home" "-w" "/opt/rustwide/workdir" "-m" "1610612736" "--user" "0:0" "--network" "none" "rustops/crates-build-env@sha256:d92eaeed33fa75130ca1ee6c8a01d1ffb62bac859dfdfb3450e3e5d1c0146529" "/opt/rustwide/cargo-home/bin/cargo" "+72f88fc4e9458f89516a0b8b0868f3718aec5b47" "metadata" "--no-deps" "--format-version=1", kill_on_drop: false }`
[INFO] [stdout] e89d538c6eb6ada8c3ef60717ff145f574315acec7accea6c8aebcbf0d84b5ab
[INFO] [stderr] WARNING: Your kernel does not support swap limit capabilities or the cgroup is not mounted. Memory limited without swap.
[INFO] running `Command { std: "docker" "start" "-a" "e89d538c6eb6ada8c3ef60717ff145f574315acec7accea6c8aebcbf0d84b5ab", kill_on_drop: false }`
[INFO] running `Command { std: "docker" "inspect" "e89d538c6eb6ada8c3ef60717ff145f574315acec7accea6c8aebcbf0d84b5ab", kill_on_drop: false }`
[INFO] running `Command { std: "docker" "rm" "-f" "e89d538c6eb6ada8c3ef60717ff145f574315acec7accea6c8aebcbf0d84b5ab", kill_on_drop: false }`
[INFO] [stdout] e89d538c6eb6ada8c3ef60717ff145f574315acec7accea6c8aebcbf0d84b5ab
[INFO] running `Command { std: "docker" "create" "-v" "/var/lib/crater-agent-workspace/builds/worker-4/target:/opt/rustwide/target:rw,Z" "-v" "/var/lib/crater-agent-workspace/builds/worker-4/source:/opt/rustwide/workdir:ro,Z" "-v" "/var/lib/crater-agent-workspace/cargo-home:/opt/rustwide/cargo-home:ro,Z" "-v" "/var/lib/crater-agent-workspace/rustup-home:/opt/rustwide/rustup-home:ro,Z" "-e" "SOURCE_DIR=/opt/rustwide/workdir" "-e" "CARGO_TARGET_DIR=/opt/rustwide/target" "-e" "CARGO_INCREMENTAL=0" "-e" "RUST_BACKTRACE=full" "-e" "RUSTFLAGS=--cap-lints=forbid" "-e" "CARGO_HOME=/opt/rustwide/cargo-home" "-e" "RUSTUP_HOME=/opt/rustwide/rustup-home" "-w" "/opt/rustwide/workdir" "-m" "1610612736" "--user" "0:0" "--network" "none" "rustops/crates-build-env@sha256:d92eaeed33fa75130ca1ee6c8a01d1ffb62bac859dfdfb3450e3e5d1c0146529" "/opt/rustwide/cargo-home/bin/cargo" "+72f88fc4e9458f89516a0b8b0868f3718aec5b47" "check" "--frozen" "--all" "--all-targets" "--message-format=json", kill_on_drop: false }`
[INFO] [stdout] b01ce751a6de932e51292b380688b7ff46250e035145256759fc637edcaa50e8
[INFO] [stderr] WARNING: Your kernel does not support swap limit capabilities or the cgroup is not mounted. Memory limited without swap.
[INFO] running `Command { std: "docker" "start" "-a" "b01ce751a6de932e51292b380688b7ff46250e035145256759fc637edcaa50e8", kill_on_drop: false }`
[INFO] [stderr]    Compiling memchr v2.3.3
[INFO] [stderr]    Compiling libc v0.2.77
[INFO] [stderr]     Checking lazy_static v1.4.0
[INFO] [stderr]     Checking regex-syntax v0.6.18
[INFO] [stderr]     Checking thread_local v1.0.1
[INFO] [stderr]     Checking aho-corasick v0.7.13
[INFO] [stderr]     Checking pattern-3 v0.5.0 (/opt/rustwide/workdir)
[INFO] [stdout] warning: the feature `specialization` is incomplete and may not be safe to use and/or cause compiler crashes
[INFO] [stdout]  --> src/lib.rs:2:5
[INFO] [stdout]   |
[INFO] [stdout] 2 |     specialization,
[INFO] [stdout]   |     ^^^^^^^^^^^^^^
[INFO] [stdout]   |
[INFO] [stdout]   = note: `#[warn(incomplete_features)]` on by default
[INFO] [stdout]   = note: see issue #31844 <https://github.com/rust-lang/rust/issues/31844> for more information
[INFO] [stdout] 
[INFO] [stdout] 
[INFO] [stdout] warning: `...` range patterns are deprecated
[INFO] [stdout]    --> src/omgwtf8/wtf8.rs:193:21
[INFO] [stdout]     |
[INFO] [stdout] 193 |             0xf00000...0xffffffff => {
[INFO] [stdout]     |                     ^^^ help: use `..=` for an inclusive range
[INFO] [stdout]     |
[INFO] [stdout]     = note: `#[warn(ellipsis_inclusive_range_patterns)]` on by default
[INFO] [stdout] 
[INFO] [stdout] 
[INFO] [stdout] warning: `...` range patterns are deprecated
[INFO] [stdout]    --> src/omgwtf8/wtf8.rs:196:21
[INFO] [stdout]     |
[INFO] [stdout] 196 |             0x800000...0xbfffff => self.0 & 0x3f | self.0 >> 2 & 0x3c0 | 0xdc00,
[INFO] [stdout]     |                     ^^^ help: use `..=` for an inclusive range
[INFO] [stdout] 
[INFO] [stdout] 
[INFO] [stdout] warning: `...` range patterns are deprecated
[INFO] [stdout]    --> src/omgwtf8/wtf8.rs:323:31
[INFO] [stdout]     |
[INFO] [stdout] 323 |             ascii_byte @ 0x00 ... 0x7F => ascii_byte,
[INFO] [stdout]     |                               ^^^ help: use `..=` for an inclusive range
[INFO] [stdout] 
[INFO] [stdout] 
[INFO] [stdout] warning: unreachable pattern
[INFO] [stdout]   --> src/omgwtf8/mod.rs:38:13
[INFO] [stdout]    |
[INFO] [stdout] 38 |             _ => unreachable!(),
[INFO] [stdout]    |             ^
[INFO] [stdout]    |
[INFO] [stdout]    = note: `#[warn(unreachable_patterns)]` on by default
[INFO] [stdout] 
[INFO] [stdout] 
[INFO] [stdout] warning: unreachable pattern
[INFO] [stdout]    --> src/omgwtf8/wtf8.rs:365:17
[INFO] [stdout]     |
[INFO] [stdout] 365 |                 _ => unreachable!(),
[INFO] [stdout]     |                 ^
[INFO] [stdout] 
[INFO] [stdout] 
[INFO] [stdout] warning: unreachable pattern
[INFO] [stdout]    --> src/omgwtf8/wtf8.rs:634:17
[INFO] [stdout]     |
[INFO] [stdout] 634 |                 _ => unreachable!(),
[INFO] [stdout]     |                 ^
[INFO] [stdout] 
[INFO] [stdout] 
[INFO] [stdout] warning: the feature `int_to_from_bytes` has been stable since 1.32.0 and no longer requires an attribute to enable
[INFO] [stdout]   --> src/lib.rs:16:5
[INFO] [stdout]    |
[INFO] [stdout] 16 |     int_to_from_bytes,
[INFO] [stdout]    |     ^^^^^^^^^^^^^^^^^
[INFO] [stdout]    |
[INFO] [stdout]    = note: `#[warn(stable_features)]` on by default
[INFO] [stdout] 
[INFO] [stdout] 
[INFO] [stdout] warning: the feature `iterator_find_map` has been stable since 1.30.0 and no longer requires an attribute to enable
[INFO] [stdout]   --> src/lib.rs:15:5
[INFO] [stdout]    |
[INFO] [stdout] 15 |     iterator_find_map,
[INFO] [stdout]    |     ^^^^^^^^^^^^^^^^^
[INFO] [stdout] 
[INFO] [stdout] 
[INFO] [stdout] warning: the feature `ptr_offset_from` has been stable since 1.47.0 and no longer requires an attribute to enable
[INFO] [stdout]   --> src/lib.rs:14:5
[INFO] [stdout]    |
[INFO] [stdout] 14 |     ptr_offset_from,
[INFO] [stdout]    |     ^^^^^^^^^^^^^^^
[INFO] [stdout] 
[INFO] [stdout] 
[INFO] [stdout] warning: 10 warnings emitted
[INFO] [stdout] 
[INFO] [stdout] 
[INFO] [stderr]     Checking regex v1.3.9
[INFO] [stdout] warning: the feature `specialization` is incomplete and may not be safe to use and/or cause compiler crashes
[INFO] [stdout]  --> tests/linked_list.rs:2:12
[INFO] [stdout]   |
[INFO] [stdout] 2 | #![feature(specialization)]
[INFO] [stdout]   |            ^^^^^^^^^^^^^^
[INFO] [stdout]   |
[INFO] [stdout]   = note: `#[warn(incomplete_features)]` on by default
[INFO] [stdout]   = note: see issue #31844 <https://github.com/rust-lang/rust/issues/31844> for more information
[INFO] [stdout] 
[INFO] [stdout] 
[INFO] [stdout] warning: use of deprecated associated function `core::str::<impl str>::trim_left_matches`: superseded by `trim_start_matches`
[INFO] [stdout]    --> benches/strings.rs:231:40
[INFO] [stdout]     |
[INFO] [stdout] 231 | make_test!(std_trim_left_unichar, s, s.trim_left_matches('💩'), 16);
[INFO] [stdout]     |                                        ^^^^^^^^^^^^^^^^^ help: replace the use of the deprecated associated function: `trim_start_matches`
[INFO] [stdout]     |
[INFO] [stdout]     = note: `#[warn(deprecated)]` on by default
[INFO] [stdout] 
[INFO] [stdout] 
[INFO] [stdout] warning: use of deprecated associated function `core::str::<impl str>::trim_left_matches`: superseded by `trim_start_matches`
[INFO] [stdout]    --> benches/strings.rs:231:40
[INFO] [stdout]     |
[INFO] [stdout] 231 | make_test!(std_trim_left_unichar, s, s.trim_left_matches('💩'), 16);
[INFO] [stdout]     |                                        ^^^^^^^^^^^^^^^^^ help: replace the use of the deprecated associated function: `trim_start_matches`
[INFO] [stdout] 
[INFO] [stdout] 
[INFO] [stdout] warning: use of deprecated associated function `core::str::<impl str>::trim_right_matches`: superseded by `trim_end_matches`
[INFO] [stdout]    --> benches/strings.rs:244:41
[INFO] [stdout]     |
[INFO] [stdout] 244 | make_test!(std_trim_right_unichar, s, s.trim_right_matches('!'), 16);
[INFO] [stdout]     |                                         ^^^^^^^^^^^^^^^^^^ help: replace the use of the deprecated associated function: `trim_end_matches`
[INFO] [stdout] 
[INFO] [stdout] 
[INFO] [stdout] warning: use of deprecated associated function `core::str::<impl str>::trim_left_matches`: superseded by `trim_start_matches`
[INFO] [stdout]    --> benches/strings.rs:260:47
[INFO] [stdout]     |
[INFO] [stdout] 260 | make_test!(std_trim_left_unicode_string, s, s.trim_left_matches("💩💩"), 16);
[INFO] [stdout]     |                                               ^^^^^^^^^^^^^^^^^ help: replace the use of the deprecated associated function: `trim_start_matches`
[INFO] [stdout] 
[INFO] [stdout] 
[INFO] [stdout] warning: use of deprecated associated function `core::str::<impl str>::trim_right_matches`: superseded by `trim_end_matches`
[INFO] [stdout]    --> benches/strings.rs:273:46
[INFO] [stdout]     |
[INFO] [stdout] 273 | make_test!(std_trim_right_ascii_string, s, s.trim_right_matches("m!"), 16);
[INFO] [stdout]     |                                              ^^^^^^^^^^^^^^^^^^ help: replace the use of the deprecated associated function: `trim_end_matches`
[INFO] [stdout] 
[INFO] [stdout] 
[INFO] [stdout] warning: use of deprecated associated function `core::str::<impl str>::trim_left_matches`: superseded by `trim_start_matches`
[INFO] [stdout]    --> benches/strings.rs:312:43
[INFO] [stdout]     |
[INFO] [stdout] 312 | make_test!(std_trim_left_ascii_char, s, s.trim_left_matches(|c: char| c.is_ascii()));
[INFO] [stdout]     |                                           ^^^^^^^^^^^^^^^^^ help: replace the use of the deprecated associated function: `trim_start_matches`
[INFO] [stdout] 
[INFO] [stdout] 
[INFO] [stdout] warning: use of deprecated associated function `core::str::<impl str>::trim_right_matches`: superseded by `trim_end_matches`
[INFO] [stdout]    --> benches/strings.rs:325:44
[INFO] [stdout]     |
[INFO] [stdout] 325 | make_test!(std_trim_right_ascii_char, s, s.trim_right_matches(|c: char| c.is_ascii()));
[INFO] [stdout]     |                                            ^^^^^^^^^^^^^^^^^^ help: replace the use of the deprecated associated function: `trim_end_matches`
[INFO] [stdout] 
[INFO] [stdout] 
[INFO] [stdout] error[E0599]: no function or associated item named `into_raw_non_null` found for struct `Box<_>` in the current scope
[INFO] [stdout]   --> tests/linked_list.rs:46:29
[INFO] [stdout]    |
[INFO] [stdout] 46 |         let node_raw = Box::into_raw_non_null(node);
[INFO] [stdout]    |                             ^^^^^^^^^^^^^^^^^ function or associated item not found in `Box<_>`
[INFO] [stdout] 
[INFO] [stdout] 
[INFO] [stdout] error[E0599]: no function or associated item named `into_raw_non_null` found for struct `Box<_>` in the current scope
[INFO] [stdout]   --> tests/linked_list.rs:59:57
[INFO] [stdout]    |
[INFO] [stdout] 59 |         let mut old_head = replace(&mut self.head, Box::into_raw_non_null(new_head));
[INFO] [stdout]    |                                                         ^^^^^^^^^^^^^^^^^ function or associated item not found in `Box<_>`
[INFO] [stdout] 
[INFO] [stdout] 
[INFO] [stdout] error[E0599]: no function or associated item named `into_raw_non_null` found for struct `Box<_>` in the current scope
[INFO] [stdout]   --> tests/linked_list.rs:80:57
[INFO] [stdout]    |
[INFO] [stdout] 80 |         let mut old_tail = replace(&mut self.tail, Box::into_raw_non_null(new_tail));
[INFO] [stdout]    |                                                         ^^^^^^^^^^^^^^^^^ function or associated item not found in `Box<_>`
[INFO] [stdout] 
[INFO] [stdout] 
[INFO] [stdout] error[E0599]: no function or associated item named `into_raw_non_null` found for struct `Box<_>` in the current scope
[INFO] [stdout]    --> tests/linked_list.rs:113:33
[INFO] [stdout]     |
[INFO] [stdout] 113 |             let new_tail = Box::into_raw_non_null(new_tail);
[INFO] [stdout]     |                                 ^^^^^^^^^^^^^^^^^ function or associated item not found in `Box<_>`
[INFO] [stdout] 
[INFO] [stdout] 
[INFO] [stdout] error: aborting due to 4 previous errors; 1 warning emitted
[INFO] [stdout] 
[INFO] [stdout] 
[INFO] [stdout] For more information about this error, try `rustc --explain E0599`.
[INFO] [stdout] 
[INFO] [stderr] error: could not compile `pattern-3`.
[INFO] [stderr] 
[INFO] [stderr] To learn more, run the command again with --verbose.
[INFO] [stderr] warning: build failed, waiting for other jobs to finish...
[INFO] [stdout] warning: 7 warnings emitted
[INFO] [stdout] 
[INFO] [stdout] 
[INFO] [stderr] error: build failed
[INFO] running `Command { std: "docker" "inspect" "b01ce751a6de932e51292b380688b7ff46250e035145256759fc637edcaa50e8", kill_on_drop: false }`
[INFO] running `Command { std: "docker" "rm" "-f" "b01ce751a6de932e51292b380688b7ff46250e035145256759fc637edcaa50e8", kill_on_drop: false }`
[INFO] [stdout] b01ce751a6de932e51292b380688b7ff46250e035145256759fc637edcaa50e8
